uppose 3*v + 2*t = -2*v + 28, -3*t - 4 = -4*v. Let i be 0/((-2 - -1)/(-1)). Suppose -2*r - v*l - 8 + 40 = i, -r - l = -12. What is the units digit of r?
8
Let n(f) = 6*f**3 + f**2 - 1. Let a be n(1). What is the units digit of 200/14 + a/(-21)?
4
Suppose -6*t + 8*t - 4 = 0. Suppose -t*h = -0*h - 3*p - 23, -3*h = 3*p - 57. What is the units digit of h?
6
Suppose 0*d + 29 = d + 5*t, -2*d - 5*t = -33. Suppose 2*g + 2*g = -5*o - 40, d*g = -2*o - 28. Let c = 7 + o. What is the units digit of c?
3
Suppose -3*j = -0*j + 6. Let x = j - -17. What is the units digit of x?
5
Let c be (-13)/(-3) - (-4)/(-12). Let a be -3*((-8)/12)/1. Suppose 0 = -c*m + 4, 2*m = -a*t + 3*m + 25. What is the tens digit of t?
1
What is the hundreds digit of 111 - 1*2/1?
1
Let z be (-4)/18 + (-110)/(-9). Let f = z + -7. What is the units digit of f?
5
Let i = 8 - 8. What is the units digit of (5 - -1) + (i - 1)?
5
Suppose 2*g + 5*c - 104 = -0*c, -c - 104 = -2*g. Suppose w + 3*w = g. What is the units digit of w?
3
Let s(o) = 5*o**2 + 9*o - 13. Let k(y) = -2*y**2 - 4*y + 6. Let g(t) = 7*k(t) + 3*s(t). What is the units digit of g(-4)?
3
Suppose 219 = y + 2*y. What is the tens digit of y?
7
Let f be (1 - -1) + (-13 - -7). Let s be -1 + (7 - (-2 - f)). Suppose -s = -4*k + 16. What is the units digit of k?
5
Let r = -1 - -22. What is the tens digit of r?
2
Let v = -7 + 13. Suppose -2*j - 96 = -v*j. What is the units digit of 226/12 - (-4)/j?
9
Let q(l) = -l - 9. Let t be q(7). Let y be ((-7)/4)/(2/t). Suppose -4*i = -5*j - 26, -2*i = -0*j - 3*j - y. What is the units digit of i?
4
Let f = -7 + 2. Let a be 0/((f - -3)*1). Suppose -5*v - 2*y = -64, -v - y + 4 + 10 = a. What is the tens digit of v?
1
Let b = 3 + 75. What is the units digit of b?
8
Suppose h + 16 = 5*h. Let v(i) = 6*i - 5. What is the units digit of v(h)?
9
Suppose -3*y = -3*z + 66, 4*z - 94 = 5*y - 4*y. What is the tens digit of z?
2
Suppose -3 = -p - 0. Suppose p*v - 24 = 3*q, 2*v + v - 32 = -5*q. What is the units digit of v?
9
Let i = 31 + -22. Let p = 16 - i. What is the units digit of p?
7
What is the hundreds digit of 1864/10 + (-4)/10?
1
Let k = -23 + 76. What is the units digit of k?
3
Let w be (1/2)/((-1)/(-4)). Suppose 0 = 3*r + 4*b - 6, -4*r - b + 10 = w. What is the units digit of r?
2
Suppose 5*c - 5 = 5. What is the units digit of ((-20)/12 + c)*105?
5
Let h = -9 + 13. What is the units digit of h?
4
Suppose 5*x + 4*q - 37 = 0, -x + 3*q = -2 - 13. Let p = 5 - x. What is the units digit of ((-6)/(-8))/((-1)/p)?
3
Suppose c = 3*d - 6, 5*c + 3*d - 24 = -0*d. What is the units digit of c?
3
Suppose 0 = 3*n + 4*w - 49 - 44, 42 = n + 5*w. What is the tens digit of n?
2
Let j(q) be the second derivative of q**4/12 - 5*q**3/6 - 3*q**2/2 + 3*q. What is the tens digit of j(8)?
2
Let v be (-8)/20 - (-81)/15. Let g be v/10 + 78/(-4). What is the units digit of -3 - g - (1 + 1)?
4
Let s be (-1)/(-5) + (-36)/(-20). Let k = -4 - s. Let b(t) = t**3 + 6*t**2 + 6. What is the units digit of b(k)?
6
Suppose -2*y = 3*v - 3*y + 23, 17 = -v + 5*y. Let f = v + 21. Let n = f + -7. What is the units digit of n?
7
Let a = 3 + 4. What is the units digit of a?
7
Let l be (0 - -4) + (-2)/2. Let m(u) = u**2 + 3 - u**3 + l*u - 3*u**2 + 1. What is the units digit of m(-3)?
4
Let u = -186 + 263. What is the tens digit of u?
7
Suppose -10 + 37 = 3*i. What is the units digit of i?
9
Suppose -2*o - 4*f = -4, -2 = 6*o - o - 2*f. Let s be o/(-1) - 18/(-6). Suppose s*r - 16 = r. What is the units digit of r?
8
Let l = 1 + 5. Let w be (-150)/9 + 4/l. Let b = w - -28. What is the units digit of b?
2
Let d(r) = 18*r - 43. What is the units digit of d(6)?
5
Let m = 195 + -133. What is the units digit of m?
2
Let j = 2 + 1. Suppose -j*x + 5 = -2*x. Suppose w = 4*c - 25, 0*w = -5*w - x. What is the units digit of c?
6
Suppose 18 + 52 = 5*l. Suppose 3*g - 17 = 2*q, 3*q + 4 = 2*g - l. What is the units digit of g?
3
Suppose 35 = 3*o + 2*j - 77, -4*j + 104 = 3*o. Suppose m - o = -m. What is the tens digit of 3/(66/m - 3)?
1
Let h(b) = b**3 - 3*b**2 - 4*b - 2. Let k be h(4). What is the units digit of (-65)/(-20) - k/(-8)?
3
Suppose 5*g + k + 90 = 0, k = 2*g + 46 - 17. Let i = -6 - g. Let n = -7 + i. What is the units digit of n?
4
Let k(n) = -n**3 + 5*n**2 + 7*n + 6. Let f be k(6). Suppose 3*o - 1 - 5 = 0, -2*u = -5*o. Let z = f - u. What is the units digit of z?
7
Let b be -2 - -1*(0 - -3). Suppose -3*f - 24 = -x, 4 = f + b. Let t = x + -13. What is the units digit of t?
0
Let n = -4 - -4. Suppose n*l = -3*l + 45. What is the tens digit of l?
1
Let s = 13 - -21. What is the units digit of s?
4
Let j(a) = 12*a + 13. Let w(z) = 6*z + 7. Let r(u) = 3*j(u) - 5*w(u). Let k be r(6). Let l = k - 28. What is the units digit of l?
2
Suppose 3*l - 5*m + 2 = 0, -3*l + 7 = 2*l + 2*m. Suppose -2*g = -g + d - 9, -g = -3*d - l. What is the units digit of g?
7
Let y(j) = -j**3 - 5*j**2 - 2*j - 6. Let r be y(-5). Suppose 75 = 5*l - r*f, -f - 3 = 2*l + 4*f. What is the tens digit of l?
1
Suppose -v + 68 = 20. What is the units digit of v?
8
Suppose -2*b + 3*b - 8 = 0. Let g be 3/12 + (-2)/b. Suppose -w + 4*w - 12 = -3*a, -5*w + 10 = g. What is the units digit of a?
2
Let w(m) = 3*m**2 - 10*m - 59. Let n(v) = -v**2 + 3*v + 20. Let f(d) = -17*n(d) - 6*w(d). Let a be f(10). Let h = a + -3. What is the units digit of h?
1
Let y = -11 - -16. Suppose -3*g + 5*f - 36 = -0*g, y*g + 5*f + 60 = 0. What is the units digit of (g/4)/(6/(-4))?
2
Let q = -10 - -60. What is the units digit of q?
0
Let g = -5 - -3. Let m be (-4)/(-2 - 15/(-6)). Let r = g - m. What is the units digit of r?
6
Let c = -24 + 34. What is the units digit of (-38)/(-4) + (-15)/c?
8
Suppose 46 = 6*i + 4. What is the units digit of i?
7
Let t = 7 + -19. Let y(w) = w**2 + 2*w + 2. Let m be y(-5). Let q = t + m. What is the units digit of q?
5
Let f(g) = 4*g**2 + 3*g + 1. Let s(w) = w + 5. Let y be s(-7). What is the tens digit of f(y)?
1
Let n be 3*(4/3 - 2). What is the tens digit of (n + 17/2)*2?
1
Let x(d) = 2*d**3 - 1 + 2 - 30*d + 3*d**2 + 27*d. What is the tens digit of x(2)?
2
Let j be (-10)/(-6) - (-3)/9. Suppose -l + 36 = j*l. Suppose -3 + l = 3*m. What is the units digit of m?
3
What is the units digit of (-18)/(-12)*-4*8/(-6)?
8
Let c be 945/18*4/6. Let r be 54/(-7) - 10/c. Let b = 13 + r. What is the units digit of b?
5
Suppose 3*i - 3*u - 2 = 37, -5*i - 4*u = -56. Suppose -5*j = -2*o + 22, j = -o + 4*j + i. What is the units digit of o?
6
Let j = -71 + 121. What is the tens digit of j?
5
Let i be (-3 - (-1 + 4))*-1. What is the units digit of (-820)/(-36) - i/(-27)?
3
Suppose 2*t - t - 7 = 0. What is the units digit of (-1 - t)/((-2)/6)?
4
Let y = -1 + 8. What is the units digit of y?
7
Suppose 7*v - 774 = 129. What is the units digit of v?
9
Let j be -12*(4 - 29/4). Suppose 27 = r + 2*u - 17, u = -r + j. What is the tens digit of r?
3
Let t(k) = k**2 + 8*k - 1. Let c be t(-6). Let g = 20 + c. What is the units digit of g?
7
Suppose -6*k + 2*k = -4*l, -12 = -k - 3*l. Suppose -k*x - 6 = -5*x. What is the units digit of x?
3
Suppose 0 = g - 4*g + 2*c + 16, -14 = -2*g + 2*c. Suppose 0 = g*n + 2*n - 4. What is the units digit of n?
1
Let z = 12 - 6. Let r = 9 + z. What is the tens digit of r?
1
Let v(d) = 3*d + 4. Let b be v(-4). Let a = b - -16. What is the units digit of a?
8
Let o be 32/2*6/8. Suppose -w + 3*d + 5 = d, -4*w + 4*d = -o. What is the units digit of w?
1
Suppose 0 = 3*q - 4*q + 4*c - 12, -c = -3. Let o be (2 - (q + 1))*4. Suppose 0 = -4*d + o, 0 = -5*m - 3*d + 58. What is the units digit of m?
1
Let t = -7 - -10. Suppose -82 = -5*l - t*o, l + 54 = 4*l - 3*o. What is the tens digit of l?
1
Suppose -5*t + 7 + 33 = 0. What is the units digit of 206/t - (-12)/(-16)?
5
Let y = 14 + -5. What is the units digit of y?
9
Suppose -483 = -9*h + 2*h. What is the tens digit of h?
6
What is the tens digit of (315/36)/((-1)/(-4))?
3
Suppose 0 = 2*z - 2*n - 14, -3*z + 41 = 3*n + 2. What is the units digit of z?
0
What is the tens digit of (-2)/(-3) + (-1900)/(-12)?
5
Let v be (-1)/(-1)*10/(-5). What is the units digit of (-3 - -8) + 3 + v?
6
Let j(o) = o + 6. Let b be j(6). Let s(h) = -h**2 + 9*h + 11. Let p be s(8). Let y = p - b. What is the units digit of y?
7
Suppose 4*s + 311 = 5*c, -s = 4*c